e?
True
Let z(c) = -3 + 19 + 1 + 54*c**2 + 0 + 9*c. Is z(-6) prime?
True
Let a(b) = 25*b**3 - 18*b**2 - 46*b + 197. Is a(30) prime?
True
Is 6 + 5 + (436421 - -9) a prime number?
False
Let c(q) = 660*q**3 - 3*q**2 + 16*q - 58. Is c(3) composite?
False
Let a(w) = 2*w**2 + 31*w + 373. Is a(-8) prime?
False
Let n(a) = -a**3. Let p(j) = 5*j**3 + 5*j**2 - 14*j + 21. Let u(i) = 4*n(i) + p(i). Is u(4) a composite number?
False
Let m(o) = -680*o**3 + 5*o**2 - 11*o + 1. Let t be m(2). Let r = -402 - t. Is r composite?
False
Let c(u) = -1270*u**3 - 8*u**2 - 21*u - 50. Is c(-3) a composite number?
False
Let s(l) be the second derivative of 7*l**3 + 19*l**2/2 - 7*l. Let i(c) = 41*c + 19. Let b(v) = 3*i(v) - 2*s(v). Is b(6) a composite number?
True
Let r(l) be the second derivative of l**3/6 - l**2/2 + 17*l. Let d be r(5). Suppose -3*y + 0*p = 2*p - 1751, 5*p = d*y - 2373. Is y composite?
False
Suppose -126*p = -128*p + 5*q + 291582, -4*p - 4*q = -583220. Is p a composite number?
True
Is (13 - (-1717663)/51)/(1*(-4)/(-6)) a prime number?
True
Suppose -t + 2901 = -1271. Suppose 5*d + m - 20980 = -0*m, d + 5*m - t = 0. Is d a composite number?
True
Suppose -1926281 = -117*j + 14105843 + 26837729. Is j composite?
False
Let s(l) be the second derivative of 0 + 0*l**4 - 1/2*l**2 + 47/20*l**5 - 6*l - 1/2*l**3. Is s(3) composite?
False
Suppose -3*v = -8*v - 2*w + 3477685, -5*w - 1391103 = -2*v. Is v composite?
True
Let l = -79 + 26. Let n = 2474 - 2475. Is n*l/(-2)*-2 a composite number?
False
Suppose -15043252 - 2284593 = -85*o. Is o a prime number?
True
Let g(r) = -208*r - 139. Let t(z) = -208*z - 141. Let b(h) = -4*g(h) + 5*t(h). Is b(-10) composite?
False
Let y = 2094 - 2091. Let w(t) = 24*t + 24*t - 7 + 28*t. Is w(y) composite?
True
Suppose 94 = 5*o - 3*o. Let v = -41 + o. Suppose 0 = v*t - 10131 - 6111. Is t composite?
False
Let b(r) = r**3 + 23*r**2 + 25*r - 51. Suppose 4*s - o + 5*o + 60 = 0, -s = -2*o + 30. Is b(s) prime?
False
Let m(r) be the second derivative of -3247*r**3/6 + 7*r**2/2 - 98*r. Is m(-1) prime?
False
Let x(b) = 7*b**3 - 5*b**2 + 10*b + 18. Let d be x(8). Suppose -17*l = -d - 184607. Is l a prime number?
True
Suppose -8*c + 5*c = -4*x - 3904, 2*c - 4*x - 2604 = 0. Suppose 0 = -5*o + q + 1282, -5*o + 2*q + c = 7*q. Is o a prime number?
True
Let v(g) = 11933*g**2 + 10*g + 49. Is v(4) composite?
True
Let s(z) = z**3 - z**2 + 2*z. Let v be s(0). Let c(k) = -2*k - 12. Let p be c(v). Is ((-548)/p)/((-1)/(-15)) a prime number?
False
Suppose 950 = 5*o + 33*o. Let r(k) = 1495*k - 209. Is r(o) prime?
False
Suppose 5*f - 283 = -2*n + 351, 2*f - 4*n - 268 = 0. Let b = -24 + f. Let r = 249 - b. Is r a prime number?
False
Suppose 0 = 16*w - 4604293 - 3142123. Is w composite?
False
Is ((-2446)/(-3))/((30/54)/(5275/30)) a prime number?
False
Let p(u) = u**2 + 8*u - 63. Let v be p(6). Suppose 22*r - v*r - 6046 = 0. Is r prime?
False
Let p = 326 + 140. Let b = -87 + p. Is b a prime number?
True
Suppose -4*b - 2 = -5*b. Suppose 4 = b*x - 2*l, x - 3*x = l - 13. Let q(y) = 22*y - 13. Is q(x) a composite number?
False
Suppose -77992 - 47653 = -13*g. Let l = g - 3876. Is l a prime number?
False
Let h be (2/(-3) - -2)*15/10. Let b be h + 6*(-1)/(-2). Suppose -4*i = -k - 2690, 1340 = -3*i + b*i - 3*k. Is i a composite number?
False
Suppose 0 = 7*m - 21*m + 47138. Suppose -m = -t - 4*c, 2007 + 1345 = t + c. Is t composite?
False
Suppose -4*v + 1118775 = 3*q, q - v = 240827 + 132105. Is q a prime number?
False
Suppose 2*z + 8*z - 702588 = -2*z. Is z prime?
True
Suppose -2*u + 4 = -254. Suppose 3*f = -3*i + 150, -3*i + 2*f = -11 - u. Is (44768/i)/((-4)/(-6)) a prime number?
True
Let x(h) = h**2 - 6*h + 2. Let m be x(6). Let i(n) = n**m - 10 - 4 - 1 + 17*n. Is i(-19) composite?
False
Suppose 31*v - 10*v + 3066 = 0. Let m(j) = 30*j - 12. Let t be m(8). Let n = v + t. Is n composite?
True
Suppose u + 1 = -0. Let i(s) = -3*s - 2. Let y be i(u). Is (157/(-1) - 1)/(-3 + y) composite?
False
Is 0 + (-2)/2*(-563820)/12 prime?
False
Suppose -4*m = o - 18, -4*o - 2 = -4*m - 54. Is 147850/o - 20/(-630)*9 a composite number?
True
Let l be (-673725)/130*3/((-6)/4). Suppose 6*m = 9*m - l. Is m composite?
True
Suppose 4*j + 21 = s, 4*j - 5*s = -9 - 0. Let t(q) = -3*q - 5*q - 15 - 21*q. Is t(j) a composite number?
True
Let t = 3 - 12. Let c = -4 - t. Suppose 2*v + u - 698 = 0, 2*v + 5*u = c*v - 1021. Is v prime?
True
Let y(l) = l**2 + 3*l - 1. Let b be y(-3). Let k be b/((-1)/3 - (-6)/(-36)). Is 33/21 - k - (-60888)/21 prime?
False
Let t(o) = o**3 - 23*o**2 + 26*o - 33. Let n be t(22). Suppose -49*j + n*j - 11082 = 0. Is j a composite number?
False
Let s(j) = 1197*j**2 - 12*j - 29. Let r(t) = -22*t + 86. Let u be r(4). Is s(u) composite?
False
Suppose 14 = -14*a + 112. Let v(y) = 13*y**2 - 4*y + 13. Is v(a) composite?
True
Let o = -128912 + 416643. Is o a composite number?
False
Suppose -135906*u = -135898*u - 4539560. Is u prime?
False
Let q(h) = 4063*h + 1625. Is q(38) composite?
False
Suppose 0 = -4*r + 3*x - 7 + 4, 2*r - 5*x + 5 = 0. Suppose -3*g - 4*f = -g - 26, r = -5*g - 2*f + 97. Is (-3126)/(-7) - (-9)/g composite?
True
Suppose 5*i = 3*y + 4*i - 23, 3*i = 2*y - 20. Is y/(-14)*(-23726 + 0) prime?
True
Suppose -60*m - 1410645 = -32*m - 43*m. Is m a composite number?
True
Let r = -75 - -77. Let g be 13 + -2 + (-2 - 2) + r. Suppose g*u = 2*u + 11963. Is u a composite number?
False
Let x(f) = 98*f**3 - 5*f**2 - 3. Let q be x(4). Suppose 2*m - 7*m + q = i, 0 = 2*i - 8. Is m a composite number?
False
Let j be (((-4)/(-1))/(-4) + 1)/1. Suppose 2*c - c = j. Suppose 0 = -4*y + 2*x - 3*x + 1361, c = y + x - 344. Is y a composite number?
True
Suppose -12*u + 112169 = 5*j - 10*u, -4*j + 89722 = -5*u. Is j composite?
False
Suppose 24*l = 17*l + 7. Let s be (l - 1) + 4 + (-8)/4. Suppose 0 = 3*t - 2*u - 8991, 0*t - 2*t - s*u = -6004. Is t a prime number?
True
Let z = -9399 + 19261. Is z a prime number?
False
Let j(w) = 178*w**2 - 14*w + 17. Let p = -235 - -242. Is j(p) a prime number?
True
Suppose 3*o - 1152*b - 161898 = -1147*b, 0 = -b - 9. Is o composite?
False
Let y(n) = 438*n**3 + 3*n**2 + 2*n - 4. Let l be y(1). Let r = l - 330. Is r composite?
False
Let v(k) = 381721*k + 972. Is v(1) a prime number?
True
Let x(n) = 48*n**2 + 2*n - 1. Let y = 186 - 188. Is x(y) composite?
True
Let b = -152 + 158. Suppose b*v + 8 = 554. Is v a prime number?
False
Suppose z - 2*n = 1692, -n - 8451 = 4*z - 9*z. Let a = z + 3090. Suppose -5*y - 5*y + a = 0. Is y composite?
True
Let p = -544698 - -777977. Is p prime?
True
Let s(i) = -2*i - 57. Let t be s(-30). Suppose 0*k = -4*k - t*j + 7346, -6 = -3*j. Is k a prime number?
False
Suppose -346136 = -14*m + 1067772 - 77986. Is m a prime number?
False
Suppose -13*x = -20860 - 83647. Is x a prime number?
True
Suppose 183*k - 144*k - 3416205 = 0. Is k prime?
False
Let b = -258 - -258. Suppose 40*k - 48*k + 64280 = b. Is k a composite number?
True
Is (-2)/3 - 0 - 50980178/(-102) prime?
False
Let i(r) = 2092*r - 17. Let g be (4*(-4)/24)/((-16)/72). Is i(g) a prime number?
False
Is (-59037572)/(-30) + 37/(-555) + -10 composite?
False
Suppose -q - k + 30 = 12, 4*k = -16. Suppose 0 = q*a - 18*a - 56572. Is a prime?
True
Suppose -6*w = -2*w + 4. Is 3/(-12) + ((-6498)/(-8) - w) a prime number?
False
Let o = 2385 - 41701. Let q = 19148 + o. Is 3/(q/4036 - -5) composite?
False
Let j(t) = -42169*t + 353. Is j(-2) prime?
True
Suppose -r - 3*s - 10 = 0, 5*s + 5 = -4*r - 0. Suppose -4*h + 1743 = -r*f - 1242, f + 2236 = 3*h. Is h a composite number?
True
Suppose v + 1145 = -c, -4*c - v - 2288 = -2*c. Let o = c + 1974. Is o composite?
True
Let c be (-11 - -9) + 1979/(2 - 1). Suppose 9*u = -312 + c. Is u a composite number?
True
Suppose 0 = 2*p + 3*p, -2*b + 151404 = 3*p - 111938. Is b composite?
False
Let k(c) = 669*c + 2. Let n be k(-3). Suppose 12188 = 4*p + 5*y, -150*p + 154*p - 12172 = -y. Let u = n + p. Is u a prime number?
False
Suppose 106349 = 5*x - 2*h, -12*h + 7*h + 63797 = 3*x. Is x prime?
True
Let a be 35/(-3)*174/(-203). Suppose a*v = -12*v + 13970. Is v prime?
False
Let b be (-4)/((-20)/(-5)*-1). Suppose -b - 4 = -o. Suppose 1503 = -o*l + 8*l. Is l a prime number?
False
Let z(d) be the first derivative of d**3/3 - 5*d**2 + 14*d + 2. Suppose -5*m + 7833 = 7918